isor of c and a.
8
Let l = 86 + -128. Let u = l + 61. What is the greatest common factor of 209 and u?
19
Let k be (-1068)/(-54) - 4/(-18). Calculate the greatest common divisor of 20 and k.
20
Suppose -4*i + 1297 = -3. Suppose 2*t = i + 91. Suppose -x + t = 3*x. What is the highest common divisor of x and 13?
13
Let v = 21 + -14. Suppose -5*y = 2 - v. Calculate the greatest common divisor of y and 11.
1
Suppose p - 4 = -1. Let u = 0 + p. Suppose 0*c + 2 = c. What is the greatest common factor of c and u?
1
Let c = 6 - 0. Let o = c - 5. What is the greatest common divisor of o and 11?
1
Suppose 250 - 190 = 4*w. Calculate the highest common factor of 15 and w.
15
Let z(h) = 39*h**2 + 2*h + 1. Let u be z(-1). What is the greatest common factor of 57 and u?
19
Let t(f) = -7*f - 18. Let l be t(-4). What is the greatest common factor of l and 4?
2
Suppose 4*i - 11 = i + 4*w, -4*i + 2 = w. Let l be (2 - 3) + (1 - -30). Let m = l - 21. Calculate the highest common factor of m and i.
1
Suppose -20 = -5*o + 5*i, -5*o + 5*i = -3*o - 11. Suppose 2*v = -4*z + 38, 2*z + o*z = 5*v - 95. Calculate the highest common divisor of v and 171.
19
Let d be -12 - (4 + -6 - 0). Let a be (16/10)/((-2)/d). Calculate the greatest common factor of 88 and a.
8
Suppose 3*t - t = x + 17, 0 = -4*x - 20. What is the greatest common divisor of 15 and t?
3
Suppose 0 = c + 5*q - 16, -c - 3*q + 7 + 5 = 0. Suppose 1 = n - 2*w + 2, 4*n = -3*w + 29. Let z = n - 3. What is the highest common factor of z and c?
2
Let h be (-13)/26 - 3/(-2). Suppose 4*m + 13 = 1. Let z be 17 + m - (-1 - h). What is the greatest common factor of z and 40?
8
Suppose 2*o - 3*o = -x + 84, -3*o = -4*x + 340. Calculate the highest common divisor of 22 and x.
22
Let k(v) = -v + 18. Suppose 2*f - m = -4*m + 10, 2*f - 4*m + 18 = 0. Let a = 1 + f. Let g be k(a). Calculate the greatest common factor of 126 and g.
18
Suppose 2*n + 0*n = 5*t - 30, 3*t - 4*n - 32 = 0. What is the greatest common divisor of t and 68?
4
Let f(g) = 0 + 2 - 5*g + g + g. Let v = -6 + 4. Let z be f(v). What is the highest common divisor of z and 20?
4
Let x(t) = -t**2 - 28*t + 14. Let s be x(-28). Let j(y) = 46*y + 6. Let o be j(5). Let k = o - 138. Calculate the highest common divisor of k and s.
14
Let b be (2 - 54/(-2)) + -3. Let x = b - -19. Calculate the greatest common factor of 5 and x.
5
Suppose 0 = -u - 3*u + 4, 4*r - 56 = -4*u. What is the highest common divisor of r and 143?
13
Let a = 204 + -182. Calculate the greatest common divisor of a and 121.
11
Let x(p) = p**2 - 14*p - 1. Let k be x(15). Let g be 596/10 - k/(-35). Calculate the greatest common divisor of g and 24.
12
Let q be (-3)/5*(-87 + 12). What is the highest common divisor of 15 and q?
15
Let z = 10 - 10. Let s be (-4 + 3 - z) + 23. What is the highest common divisor of s and 33?
11
Suppose 3*x + 6 + 6 = 0. Let o be -1*(2 + -1) - x. Let m be (0 + o - 3) + 60. What is the greatest common divisor of m and 40?
20
Let l(m) = 7*m - 6. Let q be l(9). Let a = 53 - 34. Calculate the highest common divisor of a and q.
19
Suppose -56 + 296 = 4*g. Let j(l) = 2*l - 8. Let h be j(10). What is the highest common divisor of h and g?
12
Suppose f - 3*f - d = -10, -4*d - 10 = -2*f. Let x = f + -1. Calculate the greatest common divisor of x and 8.
4
Suppose 3*b + 4*d - 48 = 0, -d - d = -6. Suppose -5*y + 90 = -0. Let f be 3 + 6/(-2) + y. What is the greatest common factor of f and b?
6
Suppose -3*z + 5 - 23 = 0. Suppose -5*j + 2 = -3. Let r be j - (z + 1 + 0). What is the greatest common divisor of r and 24?
6
Suppose 5*s + 5*l = 0, -4 = -s - s - l. Suppose w = -w + s. Let z = w - 0. Calculate the highest common divisor of 2 and z.
2
Suppose 0 = 4*r - 4*d - 24, -1 = -d + 2. Let u = -3 - 2. Let y = 1 - u. Calculate the greatest common factor of y and r.
3
Suppose p + 3*l = 16, 0*p + 3*l = p - 34. Calculate the highest common factor of p and 225.
25
Let m be (-9 + 3)*12/(-9). What is the highest common factor of 8 and m?
8
Let x(w) = -w + 57. Let m be x(0). Suppose -3*h + m = 2*r, 0 = -r - 0*r - h + 28. Calculate the greatest common divisor of r and 297.
27
Let w be 6 - 2 - 1/(-1)*356. What is the highest common factor of w and 45?
45
Let t(h) = 4*h. Let d be t(-1). Let u be (30/d)/(6/(-8)). Let m = 8 - 6. What is the highest common divisor of u and m?
2
Let w(a) = 5*a**2 - a - 1. Let m be w(-1). Suppose -5*d + 5*g + 40 = 0, 18 = d - 0*d + 4*g. Calculate the greatest common divisor of m and d.
5
Suppose -3 = -2*w + 7. Let i = 24 - 14. Calculate the greatest common factor of i and w.
5
Let r(d) = -d**3 - 2*d**2 + 5*d + 6. Let h be r(-4). Let l = -11 + h. Calculate the greatest common factor of l and 21.
7
Suppose -105 = -4*k - 3*k. Suppose -2 - 18 = -4*y. What is the highest common factor of y and k?
5
Let v(l) = 17*l + 2. Let p = -8 + 10. Let w be v(p). Calculate the highest common divisor of w and 90.
18
Suppose l = s - 5, l = 3*s - 0*s - 9. Suppose -3*i + 20 - s = 0. What is the highest common divisor of i and 24?
6
Suppose 5*m = 16 + 19. Calculate the highest common factor of m and 7.
7
Let m(i) be the third derivative of -i**5/30 - 11*i**4/24 - i**3/2 - 6*i**2. Let s be m(-5). What is the greatest common factor of 14 and s?
2
Let v = -82 + 109. Calculate the highest common factor of 54 and v.
27
Suppose -5*o + 54 = o. Calculate the highest common factor of o and 72.
9
Suppose 99 = 3*u - 63. Calculate the greatest common divisor of u and 18.
18
Let g(y) = 19*y**3 + y**2 - 2*y. Let p be g(1). Suppose i - 3*a - 24 = 0, i + 77 = 4*i - 4*a. Calculate the highest common factor of p and i.
9
Suppose -266 = -3*j + n, -160 = 17*j - 19*j + 5*n. Let k(c) = -2*c + 6. Let o be k(5). Let s = 6 - o. What is the greatest common divisor of s and j?
10
Let r(y) = -33*y - 2. Let o be r(-2). Let g be ((-12)/15)/((-2)/40). What is the highest common factor of o and g?
16
Let x = -164 + 245. What is the highest common divisor of x and 9?
9
Let n(j) = j**3 - 2*j - 2. Let v be n(4). Suppose 4*b + 10 = v. Calculate the highest common factor of b and 88.
11
Let f = 9 + 23. Suppose -3*a + f = -13. Calculate the greatest common factor of 165 and a.
15
Suppose 0 = -5*p - 3*q + 66, 2*p = -2*q + 28. What is the highest common divisor of 30 and p?
6
Let p(y) = -3*y - 7. Let k be p(-5). Let x = 11 - k. Suppose -21 + 5 = -3*t - 2*w, 2*t = -x*w + 14. What is the highest common factor of t and 6?
2
Let v = -1 - -1. Suppose -53 = -3*u - 0*b + 5*b, 3*u - 4*b - 55 = v. Calculate the greatest common divisor of 189 and u.
21
Let v = 15 + -12. Suppose 0 = 4*r - v*r - 56. Calculate the greatest common factor of r and 140.
28
Let v(w) = -2*w - 5. Let c be v(-4). Let j(t) = t**3 - 2*t**2 - 3*t + 3. Let i be j(c). Suppose 2*b + i = 31. What is the highest common divisor of b and 42?
14
Let f = 223 + 2. Let d = -56 - -81. Calculate the highest common factor of f and d.
25
Let o = 71 - 38. Calculate the highest common factor of o and 22.
11
Suppose 2*u = 5*d + 164, 4*d = 5*u - d - 380. Suppose 0 = -5*v + 5*w + 50, v = -3*w - 0 + 6. Calculate the highest common divisor of u and v.
9
Let r(d) = -d + 14. Let n be r(7). Suppose -3*t = -4*h - t + 20, -3*h = 4*t + n. Suppose m - h*m = -330. Calculate the highest common factor of 15 and m.
15
Let s be 4/(-6) - 676/(-6). Let f be 24/30*(20 + 0). What is the greatest common factor of s and f?
16
Let r = 28 + -19. Suppose 0 = -4*m - 2*v - 58, 4*m - 4*v + r*v = -43. Let y = -2 - m. Calculate the highest common factor of y and 15.
15
Suppose 0 = -5*d + 2*m + 2*m + 3177, 4*d = 5*m + 2538. Suppose d - 149 = 4*z. Let l = z + -59. Calculate the highest common divisor of l and 7.
7
Let y be -3 - (-90 + (-9)/(-3)). Suppose -u - y = -0*u. Let h = -45 - u. Calculate the highest common divisor of 26 and h.
13
Let f = 5 - 3. Let t = f - -10. What is the highest common factor of t and 24?
12
Let r(c) = 22*c - 26. Let g be r(3). What is the greatest common factor of g and 40?
40
Let y(w) = w**2 + 1. Let o(c) = c**2 + c**2 + 7*c**3 + 2*c + 0*c + 5. Let l(k) = o(k) - 5*y(k). Let b be l(2). Calculate the highest common divisor of 16 and b.
16
Let f(i) = -4*i - 8. Suppose 15 + 5 = -4*t. Let y be f(t). What is the greatest common divisor of y and 6?
6
Let f(q) = 8*q. Let z be f(4). Suppose 3*b = b + z